{"id":164,"date":"2017-12-16T10:41:37","date_gmt":"2017-12-16T10:41:37","guid":{"rendered":"https:\/\/www.quesosvaldeperocooperativa.com\/?page_id=164"},"modified":"2020-11-17T08:01:05","modified_gmt":"2020-11-17T08:01:05","slug":"condiciones-legales","status":"publish","type":"page","link":"https:\/\/www.quesosvaldeperocooperativa.com\/?page_id=164","title":{"rendered":"Condiciones Legales"},"content":{"rendered":"<p><strong>Informaci\u00f3n de la Empresa.<\/strong><\/p>\n<p>CIF: F-34002964<br \/>\nCooperativa Nuestra Se\u00f1ora La Antigua.<br \/>\nAvenida Paseo Te\u00f3filo Calzada S\/N, 34419, Fuentes de Valdepero, Palencia.<br \/>\nCooperativa Agr\u00edcola Ganadera e Industrial<br \/>\n649 95 83 08 \/ martinezaragonjesus@gmail.com<\/p>\n<p>Quesosvaldeperocooperativa.com es una Web titularidad de COOPERATIVA NUESTRA SE\u00d1ORA LA ANTIGUA, dedicada a la producci\u00f3n y transformaci\u00f3n de productos l\u00e1cteos.<\/p>\n<p>En cumplimiento de la Ley de Sociedad de la Informaci\u00f3n y Comercio Electr\u00f3nico, se pasa a identificar a continuaci\u00f3n a los titulares y responsables de esta p\u00e1gina web.<br \/>\nCOOPERATIVA NUESTRA SE\u00d1ORA LA ANTIGUA con C.I.F.: F-34002964 e inscrita en el Registro de Cooperativas \u00b4de Castilla y Le\u00f3n con el n\u00famero 15.05017-P con Domicilio Social en Avenida Paseo Te\u00f3filo Calzada S\/N, 34419, Fuentes de Valdepero, Palencia, y con tel\u00e9fono: 649 95 83 08 y email: martinezaragonjesus@gmail.com<\/p>\n<p>COOPERATIVA NUESTRA SE\u00d1ORA LA ANTIGUA act\u00faa como responsable de los contenidos de la p\u00e1gina web Quesosvaldeperocooperativa.com y de la Pol\u00edtica Comercial del Establecimiento.<\/p>\n<p>&nbsp;<\/p>\n<p>&nbsp;<\/p>\n<p><strong>Condiciones de Uso<\/strong><\/p>\n<p>1. Introducci\u00f3n<\/p>\n<p>El presente documento incluye las Condiciones y t\u00e9rminos que regulan la compra de quesos Valdepero y la contrataci\u00f3n del env\u00edo de dichos productos a trav\u00e9s de la p\u00e1gina www.quesosvaldeperocooperativa.com en cumplimiento de la Ley 34\/2002, de 11 de julio, de servicios de la sociedad de la informaci\u00f3n y de comercio electr\u00f3nico (LSSICE))<\/p>\n<p>Pedimos a nuestros usuarios que por favor lean atentamente las Condiciones y nuestra Declaraci\u00f3n de Privacidad antes de realizar cualquier transacci\u00f3n. La utilizaci\u00f3n de esta web o una compra a trav\u00e9s de ella, da consentimiento a quedar vinculado por estas Condiciones y por nuestra Declaraci\u00f3n de Privacidad.<\/p>\n<p>Estas Condiciones est\u00e1n sujetas a modificaciones por nuestra parte, por lo que deben ser le\u00eddas antes de efectuar un pedido.Ante alguna pregunta relacionada con estas Condiciones de Compra o la Pol\u00edtica de Privacidad puede consultar nuestra p\u00e1gina web o contactar directamente con nosotros a trav\u00e9s de la p\u00e1gina de Contacto.<\/p>\n<p>2. Alta del servicio<\/p>\n<p>Al haber realizado un pedido, el cliente declara haber le\u00eddo y aceptado las condiciones establecidas, indicando que:<\/p>\n<p>\u00b7 El uso de nuestra p\u00e1gina Web ser\u00e1 exclusivamente para realizar consultas o pedidos legalmente v\u00e1lidos.<\/p>\n<p>\u00b7 No se pueden realizar pedidos especulativos, falsos o fraudulentos. De haber motivos razonables para considerar que se ha hecho un pedido de este tipo, tenemos autoridad para anularlo e informar a las autoridades pertinentes.<\/p>\n<p>\u00b7 Se acepta el facilitarnos los datos personales de manera cierta y correcta. Al realizar un pedido, el cliente garantiza ser mayor de 18 a\u00f1os y con capacidad legal para celebrar este tipo de transacciones.<\/p>\n<p>3. Solicitud y tramitaci\u00f3n de pedidos<\/p>\n<p>Para realizar una compra, el cliente deber\u00e1 seguir el procedimiento de compra online, aceptar las condiciones de compra y confirmar el pago. Una vez aceptados estos t\u00e9rminos, recibir\u00e1 un email con la confirmaci\u00f3n del pedido. Esta confirmaci\u00f3n se registrar\u00e1 autom\u00e1ticamente y se entender\u00e1 como una prueba de aceptaci\u00f3n de los precios, caracter\u00edsticas del producto y las Condiciones aqu\u00ed se\u00f1aladas. La confirmaci\u00f3n de pedido se registrar\u00e1 autom\u00e1ticamente para proceder a preparar y enviar el producto solicitado, no servir\u00e1 como factura, considerando como factura valida la remitida por email u ordinario al cliente tras haber realizado el pedido.<\/p>\n<p>4. Disponibilidad de productos<\/p>\n<p>Todos los pedidos se realizar\u00e1n en funci\u00f3n de la disponibilidad de los productos solicitados, por lo que ante cualquier dificultad referente a su suministro o agotamiento de stock, nos reservamos el derecho de proponer productos sustitutivos de calidad y valor similares. En el caso de no querer uno de estos pedidos sustitutivos, se realizar\u00e1 el reembolso de la cantidad abonada.<\/p>\n<p>5. Entrega al destinatario<\/p>\n<p>Los art\u00edculos que se ofrecen a trav\u00e9s de este sitio Web se entregan en Espa\u00f1a peninsular. No se realizan env\u00edos a Baleares, Canarias, Ceuta ni Melilla.<\/p>\n<p>Para env\u00edos fuera del territorio peninsular espa\u00f1ol p\u00f3ngase en contacto con nosotros en la direcci\u00f3n e-mail martinezaragonjesus@gmail.com y nos pondremos en contacto con usted.<br \/>\nLas entregas se realizar\u00e1n por medio de transporte de mensajer\u00eda urgente en un plazo m\u00e1ximo de 48 horas desde la confirmaci\u00f3n del pago.<br \/>\nSi por alg\u00fan motivo no pudi\u00e9semos cumplir con la fecha de entrega, le informaremos de esta circunstancia.<br \/>\nA efectos de las presentes Condiciones, se entender\u00e1 que se ha producido la \u00abentrega\u00bb o que el\/los producto\/s han sido \u00abentregado\/s\u00bb en el momento de firmar la recepci\u00f3n de los mismos en la direcci\u00f3n de entrega convenida.<\/p>\n<p>6. Negativa a tramitar un pedido<\/p>\n<p>La empresa se reserva el derecho de retirar o modificar cualquiera de sus productos de esta p\u00e1gina Web.<\/p>\n<p>Si bien se procurar\u00e1 tramitar todos los pedidos recibidos, en circunstancias excepcionales nos podremos reservar el derecho de rechazar la tramitaci\u00f3n de alg\u00fan pedido tras haber enviado su confirmaci\u00f3n a nuestra discreci\u00f3n. Estas acciones podr\u00e1n ser llevadas a cabo sin vernos como responsables ante los clientes, con excepci\u00f3n en casos de haber vendido un producto recientemente modificado o retirado de nuestra selecci\u00f3n.<\/p>\n<p>7. Precios<\/p>\n<p>El precio de los productos estar\u00e1 se\u00f1alado en cada momento dentro de nuestra p\u00e1gina Web. En caso de haber errores en el precio de los productos solicitados, se informar\u00e1 lo antes posible para posibilitar la reconfirmaci\u00f3n de su pedido al precio adecuado o anularlo. De no poder contactar con el cliente a fin de notificar estos cambios, se realizar\u00e1 el reembolso \u00edntegro de la cantidad abonada.<br \/>\nNo estaremos obligados a suministrarle el\/los producto\/s al precio inferior incorrecto.<\/p>\n<p>Los gastos de env\u00edo e IVA est\u00e1n incluidos en el importe de los productos. Si bien los precios pueden fluctuar en cualquier momento, los posibles cambios no afectar\u00e1n al precio de pedidos a los que ya se haya enviado una Confirmaci\u00f3n de Env\u00edo.<\/p>\n<p>Estos precios son para la pen\u00ednsula, para las islas baleares, se incluir\u00eda 1,60 \u20ac m\u00e1s en kilo. Para Canarias y resto de pa\u00edses se pagar\u00e1n a mayores lo que cobre la mensajer\u00eda.<\/p>\n<p>8. Proceso de compra y procedimientos de pago y seguridad en la transacci\u00f3n<\/p>\n<p>Una vez seleccionados los productos que el cliente desea comprar, estos ser\u00e1n a\u00f1adidos a su carrito de compra en el que deber\u00e1 confirmar que desea realizar la transacci\u00f3n. Para finalizar la compra deber\u00e1 rellenar los datos de facturaci\u00f3n y env\u00edo, posteriormente seleccionar la forma de pago.<\/p>\n<p>9. Incidencias y devoluciones<\/p>\n<p>En el caso de que se produzcan incidencias con el producto adquirido, estas ser\u00e1n analizadas de manera individualizada para que el comprador que haya adquirido un producto en mal estado pueda ejercer su derecho de devoluci\u00f3n, siempre que env\u00ede una foto y contacte con nosotros al mail: martinezaragonjesus@gmail.com dentro de las 24 horas siguientes a haber recibido el producto.<\/p>\n<p>Se aceptar\u00e1 la devoluci\u00f3n de los productos solamente en estos casos:<\/p>\n<p>\u00b7 Quesos en mal estado. Una vez recibida la foto del producto, se devolver\u00e1 el contacto al comprador para confirmar si desea un nuevo pedido o la devoluci\u00f3n de su dinero en la misma forma de pago empleada.<\/p>\n<p>\u00b7 Error en los pedidos. Tras comparar la imagen enviada con la informaci\u00f3n del pedido, se contactar\u00e1 con el cliente para saber si desea el pedido original o la devoluci\u00f3n del dinero en la misma forma de pago empleada.<\/p>\n<p>\u00b7 En casos de ofertas temporales que hayan sido recibidas en mal estado o por error, y en el caso de que el cliente desee reemplazar los productos por unos nuevos, de no contar con m\u00e1s productos de este tipo, se sustituir\u00e1n por productos similares disponibles tras comunicarlo previamente al cliente.<\/p>\n<p>10. Derecho a realizar modificaciones en las condiciones<\/p>\n<p>Tenemos derecho a revisar y modificar en cualquier momento las Condiciones establecidas. En el momento en el que se efect\u00fae cada pedido, el cliente estar\u00e1 sujeto a las pol\u00edticas y condiciones vigentes, a excepci\u00f3n de casos en los que por ley o decisi\u00f3n de organismos gubernamentales haya que hacer cambios en las Pol\u00edticas o Condiciones. Cualquier modificaci\u00f3n tiene efecto directo sobre cualquier pedido realizado previamente.<\/p>\n<p>11. Protecci\u00f3n de datos de car\u00e1cter personal<\/p>\n<p>Sin perjuicio de los dispuesto en la Pol\u00edtica de Privacidad y en el Aviso legal que regula las Condiciones generales del servicio y p\u00e1gina Web, el cliente reconoce haber sido informado de modo expreso, preciso e inequ\u00edvoco, en el momento de la recogida de sus datos personales, de los derechos de informaci\u00f3n que asisten de conformidad con lo previsto en el art\u00edculo 5 de la Ley Org\u00e1nica 15\/1999 de 13 de diciembre, de Protecci\u00f3n de Datos de car\u00e1cter personal.<\/p>\n<p>Para la prestaci\u00f3n de los servicios contratados a trav\u00e9s de www.quesosvaldeperocooperativa.com es necesario que el cliente proporcione en dicha plataforma los datos de nombre y domicilio postal y la direcci\u00f3n de email o n\u00famero telef\u00f3nico del destinatario enfocados \u00fanicamente a efectos de la recepci\u00f3n del env\u00edo de pedidos,<\/p>\n<p>Decreto 1720\/2007, de 21 de diciembre, por el que se aprueba el Reglamento de desarrollo de la LOPD.)<\/p>\n","protected":false},"excerpt":{"rendered":"<p>Informaci\u00f3n de la Empresa. CIF: F-34002964 Cooperativa Nuestra Se\u00f1ora La Antigua. Avenida Paseo Te\u00f3filo Calzada S\/N, 34419, Fuentes de Valdepero, Palencia. Cooperativa Agr\u00edcola Ganadera e Industrial 649 95 83 08 \/ martinezaragonjesus@gmail.com Quesosvaldeperocooperativa.com es una Web titularidad de COOPERATIVA NUESTRA SE\u00d1ORA LA ANTIGUA, dedicada a la producci\u00f3n y transformaci\u00f3n de productos l\u00e1cteos. En cumplimiento de [&hellip;]<\/p>\n","protected":false},"author":1,"featured_media":0,"parent":0,"menu_order":0,"comment_status":"closed","ping_status":"closed","template":"","meta":[],"_links":{"self":[{"href":"https:\/\/www.quesosvaldeperocooperativa.com\/index.php?rest_route=\/wp\/v2\/pages\/164"}],"collection":[{"href":"https:\/\/www.quesosvaldeperocooperativa.com\/index.php?rest_route=\/wp\/v2\/pages"}],"about":[{"href":"https:\/\/www.quesosvaldeperocooperativa.com\/index.php?rest_route=\/wp\/v2\/types\/page"}],"author":[{"embeddable":true,"href":"https:\/\/www.quesosvaldeperocooperativa.com\/index.php?rest_route=\/wp\/v2\/users\/1"}],"replies":[{"embeddable":true,"href":"https:\/\/www.quesosvaldeperocooperativa.com\/index.php?rest_route=%2Fwp%2Fv2%2Fcomments&post=164"}],"version-history":[{"count":8,"href":"https:\/\/www.quesosvaldeperocooperativa.com\/index.php?rest_route=\/wp\/v2\/pages\/164\/revisions"}],"predecessor-version":[{"id":244,"href":"https:\/\/www.quesosvaldeperocooperativa.com\/index.php?rest_route=\/wp\/v2\/pages\/164\/revisions\/244"}],"wp:attachment":[{"href":"https:\/\/www.quesosvaldeperocooperativa.com\/index.php?rest_route=%2Fwp%2Fv2%2Fmedia&parent=164"}],"curies":[{"name":"wp","href":"https:\/\/api.w.org\/{rel}","templated":true}]}}